{"id":515,"date":"2023-09-26T13:17:09","date_gmt":"2023-09-26T16:17:09","guid":{"rendered":"https:\/\/2020.sialat.com\/?page_id=515"},"modified":"2023-10-18T16:37:06","modified_gmt":"2023-10-18T19:37:06","slug":"comissoes","status":"publish","type":"page","link":"https:\/\/2020.sialat.com\/index.php\/comissoes\/","title":{"rendered":"Comiss\u00f5es"},"content":{"rendered":"\n<h4 class=\"wp-block-heading\"><strong>COMISS\u00c3O CIENT\u00cdFICA<\/strong><\/h4>\n\n\n\n<p><\/p>\n\n\n\n<p>Ad\u00e9lia Malevich Ribeiro &#8211; UFES<br>Agustin Lao &#8211; Universidade de Michigan e Universidade de Col\u00f4mbia &#8211; Porto Rico<br>Ana Maria Araujo \u2013 Universidad de la Rep\u00fablica\/UDELAR \u2013 Uruguay<br>Ana Rivoir &#8211; Universidad de la Rep\u00fablica\/UDELAR \u2013 Uruguay<br>Andrea Zhoury \u2013 GESTA\/PPGA\/UFMG<br>Andr\u00e8s Felipe Ortiz Gordillo &#8211; Universidade Col\u00f4mbia &#8211; Col\u00f4mbia<br>Dalva Motta \u2013 CPATU\/EMBRAPA<br>Diego Andr\u00e8s Parra Suarez &#8211; Universidad de Cuenca &#8211; Equador<br>Edna Ramos de Castro \u2013 GETTAM\/NAEA\/UFPA<br>Edila Arnaud Moura \u2013 IFCH\/UFPA<br>Ernesto Renan Freitas Pinto &#8211; UFAM<br>Eun\u00e1pio do Carmo \u2013 CESUPA e GETTAM\/NAEA<br>Jos\u00e9 Vicenyte Taares dos Santos &#8211; UFRGS<br>Leila Ferreira &#8211; UNICAMP<br>Luis Fernando Novoa Garzon \u2013 UNIR<br>Marcel Hazeu \u2013 ICSA\/UFPA<br>Marcela Vecchione-Gon\u00e7alves \u2013 NAEA\/UFPA<br>Paola Bolados Garcia \u2013 Universidad de Chile, Chile<br>Nirvia Ravena \u2013 NAEA\/UFPA<br>Paulo Henrique Martins &#8211; UFPE<br>Pascal de Robert &#8211; IRD &#8211; Fran\u00e7a<br>Rosane Alvino Steinbrenner \u2013 PPGCOM\/UFPA<br>Sara Alonso \u2013 Universidade Ramon lul-Barcelona, Espanha<br>S\u00edlvio Figueiredo \u2013 NAEA\/UFPA<br>Sirlei Silveira \u2013 PPGCS\/UFMT<br>Voyner Canete \u2013 IFCH\/UFPA<\/p>\n\n\n\n<h4 class=\"wp-block-heading\"><strong>COMISS\u00c3O ORGANIZADORA<\/strong><\/h4>\n\n\n\n<p><\/p>\n\n\n\n<p>Edna Castro \u2013 GETTAM\/NAEA \u2013 Coordenadora<br>Eun\u00e1pio do Carmo \u2013 CESUPA \u2013 GETTAM\/NAEA<br>Larissa Carreira \u2013 GETTAM\/NAEA<br>Suely Rodrigues Alves \u2013 GETTAM\/NAEA<br>Iraneide Silva \u2013 MPEG \u2013 GETTAM\/NAEA<br>Jondison Rodrigues \u2013 GETTAM\/NAEA<br>Jader Gama \u2013 GETTAM\/NAEA<br>Marcel Hazeu \u2013 ICSA\/UFPA<br>Welson de Souza Cardoso \u2013 ICSA \u2013 GETTAM\/NAEA<br>Sabrina Nascimento -GETTAM\/NAEA<br>Pedro Loureiro de Bragan\u00e7a \u2013 UNAMA \u2013 GETTAM\/NAEA<br>Rosane Brito \u2013 IFCH \u2013 GETTAM\/NAEA<br>Simy Correa \u2013 GETTAM\/NAEA<br>Cassia Karimi Vieira Cativo<br>Camilla Souza Barbosa<br>Raiane Siqueira Mendes<br>Jamyle Cristine Abreu Aires<\/p>\n\n\n\n<h4 class=\"wp-block-heading\"><strong>COMISS\u00c3O DE APOIO<\/strong><\/h4>\n\n\n\n<p><\/p>\n\n\n\n<p>Caio Guilherme de Almeida Campos<br>Manuela Almeida Andr\u00e9<br>Ione Sena<br>Paulo Mesquita<br>Paulo Vinicius<br>Alan Souza da Silva<\/p>\n","protected":false},"excerpt":{"rendered":"<p>COMISS\u00c3O CIENT\u00cdFICA Ad\u00e9lia Malevich Ribeiro &#8211; UFESAgustin Lao &#8211; Universidade de Michigan e Universidade de Col\u00f4mbia &#8211; Porto RicoAna Maria Araujo \u2013 Universidad de la Rep\u00fablica\/UDELAR \u2013 UruguayAna Rivoir &#8211; Universidad de la Rep\u00fablica\/UDELAR \u2013 UruguayAndrea Zhoury \u2013 GESTA\/PPGA\/UFMGAndr\u00e8s Felipe&hellip; <\/p>\n","protected":false},"author":1,"featured_media":0,"parent":0,"menu_order":0,"comment_status":"closed","ping_status":"closed","template":"","meta":{"footnotes":""},"class_list":["post-515","page","type-page","status-publish","hentry"],"acf":[],"_links":{"self":[{"href":"https:\/\/2020.sialat.com\/index.php\/wp-json\/wp\/v2\/pages\/515","targetHints":{"allow":["GET"]}}],"collection":[{"href":"https:\/\/2020.sialat.com\/index.php\/wp-json\/wp\/v2\/pages"}],"about":[{"href":"https:\/\/2020.sialat.com\/index.php\/wp-json\/wp\/v2\/types\/page"}],"author":[{"embeddable":true,"href":"https:\/\/2020.sialat.com\/index.php\/wp-json\/wp\/v2\/users\/1"}],"replies":[{"embeddable":true,"href":"https:\/\/2020.sialat.com\/index.php\/wp-json\/wp\/v2\/comments?post=515"}],"version-history":[{"count":11,"href":"https:\/\/2020.sialat.com\/index.php\/wp-json\/wp\/v2\/pages\/515\/revisions"}],"predecessor-version":[{"id":631,"href":"https:\/\/2020.sialat.com\/index.php\/wp-json\/wp\/v2\/pages\/515\/revisions\/631"}],"wp:attachment":[{"href":"https:\/\/2020.sialat.com\/index.php\/wp-json\/wp\/v2\/media?parent=515"}],"curies":[{"name":"wp","href":"https:\/\/api.w.org\/{rel}","templated":true}]}}